95 + 689 - (-116 + (3 - 1)).
101
Evaluate -52 - (3 - (-19 - (-4 - -2))).
-72
Evaluate (13 - 7) + -3 + 3 + -9 + 2.
-1
Calculate ((-30 - (3 + 8)) + -9 - (0 + 8)) + 0.
-58
Evaluate 13 + 3 + 1 + -6 - (55 - 112).
68
Calculate (28 - 46) + 13 + 63 + -1 + 2 + 8.
67
What is the value of -589 + 582 - (-7 + (-4 - (-6 + 4))) - -20?
22
What is -3 + 1 + 0 + 9 + -25 + (20 - 21)?
-19
Evaluate 56 + 0 - (33 - (-30 + 58)) - (1 - -6).
44
1370 - 1375 - (-18 - (1 + -1))
13
(98 - 36) + 31 - (31 - -1)
61
Calculate (10 - (2 + (-1 - -1) + 0)) + (14463 - 14398).
73
(152 - 158) + (-62 - (-8 + 3))
-63
-3 - (-24 - 12) - (-2 - (2 + -6))
31
Evaluate 16 - (-36 + -8 + (25 - -5)).
30
-6 - (-63 + -13) - (15 + (-5 - -4))
56
(5 - 3) + -819 + 826 + -123
-114
Evaluate (-4 - 3 - -7) + (26 - (6 + -17)).
37
(0 - 5) + -5 + 3 - (-54 - (0 - -6))
53
What is the value of (-86 - -77) + (2 + -2 - -10) - -54?
55
(-61 - (-66 - -24)) + (-19 - (3 + -7))
-34
Calculate 28 - (-25 - -41) - ((2 - 5) + 29).
-14
What is the value of -65 - (-222 - -42) - -15?
130
What is the value of -32 + 64 + -90 - (-3 - -3 - 4)?
-54
What is the value of -44 - ((148 - 108) + (-10 - -3))?
-77
What is (91 - -54) + (172 - 183)?
134
What is (-79 - ((22 - 36 - 16) + 18)) + (-8 - 1)?
-76
Evaluate 34 + (4 + -1 - -4) + -17 + 1.
25
What is -18 + (-14 + -3 - -31) - -16 - 112?
-100
What is the value of (184 + -188 - (-2 + 14)) + -3 + 5?
-14
What is the value of -72 + -34 + 8 + 25?
-73
What is -56 + -82 - (-58 + 35)?
-115
What is -16 + (16 - (-10 + 29)) + (2 - 11)?
-28
Evaluate -833 + 837 - (1 - (34 - (1 - -2))).
34
Calculate (16 - 59) + (-31 + 41 - (9 + -1)).
-41
Calculate 40 + -1 - (-395 - -433).
1
What is the value of (-39 + 81 - 76) + -2 + -3 + 3 + 2?
-34
3 - ((4 - (58 + -18)) + 5)
34
What is the value of -2 + -89 + (118 - 26)?
1
Calculate -383 + 395 - (6 + 5 + -5).
6
What is the value of -3 + 1 - -2 - -9 - (105 - 105) - 59?
-50
Evaluate (23 - 47 - (-8 + -3)) + -12.
-25
What is the value of 0 + -26 + 22 + 8 - (1 - -88)?
-85
What is the value of -28 - (28 + -38) - (-17 - 0)?
-1
Evaluate -7 + -4 - -5 - (571 + -542).
-35
What is the value of 14 + (-1 + 11 - 16)?
8
Calculate 1 - 28 - ((145 - 137) + -152).
117
-2 + (-56 - -46) + (-10 - -2)
-20
24 - (23 - -77 - 59)
-17
What is the value of -5 + -10 + 12 - (-28 - 71)?
96
-11 + 1 + 20 - (29 + -6 + (6 - -4))
-23
-1 - (-16 - -28) - (11 - 45)
21
Evaluate 40 - -13 - -10 - 57.
6
Calculate (6 - 1) + -5 + 2 + (14 - 12).
4
15 + -50 + (2 + -3 - (-11 + 1))
-26
Evaluate (-5 - -5) + 16 + (-6 + 19 - 68).
-39
Calculate (19 - -15) + -25 + 1 + -1 + -1.
8
-18 + -10 + 12 - 3
-19
What is the value of (6 - ((-6 - (11 + -8)) + 8)) + -46?
-39
Calculate -20 + (54 - (15 + -6 - 11)).
36
What is -20 - (21 + (54 + -46 - -16))?
-65
Evaluate 35 + -8 + -21 - 10 - -8.
4
Calculate -5 + -1 + 19 + (-18 - (-5 - 36)).
36
Evaluate (-18 - (23 + -3)) + (1 - (1 - 6)).
-32
What is the value of 39 - (16 + (-38 - -34))?
27
What is the value of 15 - (13 - (-14 + 22 + 23))?
33
What is 13 + 52 + -98 + 59?
26
What is -17 + -1 + (978 - 1013)?
-53
What is the value of 8 + (10 + (-5 - 6) - 9 - -8 - 0)?
6
Evaluate (8 + -16 - -17) + -28 - (4 - -8).
-31
Calculate -10 - (-12 - -10 - ((-6 - -3) + (94 - -1))).
84
What is (-26 - -1) + 3 + (65 - 77)?
-34
What is 6 - 0 - (-37 - (-6 - -1 - 19))?
19
55 - 4 - (14 + -2 + -11 + 7)
43
What is 19 - (128 + -56 + 31 + (10 - -2))?
-96
Evaluate 6 + -18 + 4 + (27 - 0).
19
Calculate 8 + (-14 - (15 - 12)) - 67.
-76
Evaluate (57 - (95 + -42)) + 83.
87
(-30 - (-93 - -69)) + -8
-14
Evaluate -73 - (1007 - 997 - (23 + (1 - -1))).
-58
Evaluate (6 - (36 + -38 + 18)) + 19 + -2.
7
What is the value of -97 + 71 + -47 + 68?
-5
What is 466 + -474 + -10 + (-2 - -5)?
-15
What is the value of -78 - (1 + -1 + (-17 - 5 - -4 - -17))?
-77
Evaluate -16 + -189 + 140 - (-22 - 0).
-43
(-13 - -3 - (-19 - -6 - -6)) + -18
-21
Evaluate 46 - (-7 - (-18 + -35)) - (-17 + 1) - 82.
-66
Calculate -15 - (-48 - -47 - (-21 + -1)).
-36
-200 - 15 - (385 - 483)
-117
Calculate 75 + -65 - (-8 + (-2 - 4) + 18).
6
-159 + -28 + 222 + 11 + -2 + 2
46
-3 + (-15 - 1) + 4 + (-928 - -943)
0
What is 53 + (-10 - -4 - (1 + 0 + -2 + -8))?
56
Calculate -68 + 53 + -89 + 132.
28
What is the value of -44 - (-88 - (25 + 6))?
75
What is 88 - (12 + 10 + 12 + -17)?
71
Evaluate -1 + -18 - ((10 + 6 - 2) + -16).
-17
What is (-3354 - -3308) + (-1 + 0 - (4 + -16))?
-35
Evaluate (32 - 30) + 8 + 5.
15
-25 - (-1 + -2) - (1154 - 1172)
-4
What is the value of (4 - 78 - 24) + -6 - (11 + 12)?
-127
70 + (11 + 7 + -26 + 6 - (2 + 7))
59
Calculate (51 - 56 - -23) + 53.
71
What is the value of 48 + -162 + 31 + -34 - 33?
-150
What is the value of 22 - (-2 + 1) - (13035 - 13002)?
-10
Evaluate -3 - (25 - (44 - 23)) - 9.
-16
Calculate (-38 - (-84 + -1)) + -43 - -46.
50
Calculate (0 - -1) + -57 + -37105 + 37103.
-58
What is the value of -12 + (-2 - (-33 + 13)) - 3 - -10?
13
Evaluate (8 - (18 + -29 + 6 + 4)) + -4.
5
What is the value of -3 + 24 - (-24 - -2 - (-11 - (78 - 74)))?
28
What is -3 - (-1 + -30) - (-39 + 4 - -17 - -11)?
35
-16 - (-16 + 11 + -1) - 19
-29
2 + 29 - 67 - (-5 + 6 + 2 + -6)
-33
-10 - 0 - (-1 + 61 + -43)
-27
What is (13 - (8 + -13)) + (-3 - -30) - -13?
58
What is the value of -8 - (7 + (-7 + (-10 - -7) - -3))?
-8
Calculate 9 - 7 - -12 - -25 - -4.
43
Evaluate -1 - (4 - (-2 + 1) - (1565 + -1554)) - -18.
23
What is -34 + 0 + 25 - (-58 + -1)?
50
What is the value of -18 + (108 + -90 - -65)?
65
Calculate -19 + 11 + (3 - (19 + -42)).
18
What is 68 + -25 - (-12 - -50)?
5
Calculate -66 - (1 + 6 + 3 - (16 - 12 - -3)).
-69
What is (18 - 0) + (-3183 - -3197)?
32
Evaluate -1 + 39 + -61 + -55 - -11.
-67
What is (4 - (-19 + 47)) + -21?
-45
What is the value of (-46 - -32) + (-1 - 4 - 1) + 79?
59
Calculate 0 + 24 + -27 + -1 + (-2510 - -2540).
26
What is -61 + (-12 - (47 - 92))?
-28
Evaluate 25 + -77 + 119 + -98.
-31
Evaluate 1 + (2 + -5 - -6) + (2646 - 2657).
-7
26 - -4 - 33 - -20 - 29
-12
1 + (-2 - 7) + (-9 + 57 - (89 + -46))
-3
What is 0 + (-10 - (-68 - 17 - -22))?
53
What is -20 + (-592 - -590) + -49 + -2?
-73
Calculate 2 + (-1 - -11 - -1) + (5 - 122).
-104
What is -21 + (-2 - -13) + -16 + -13 + (2 - -22)?
-15
What is -10 + (8 - -19) - (59 + -22)?
-20
Calculate 28 + (7 + 0 - (-448 + 452)).
31
Calculate 36 + 1 + (188 - 169 - (1 + 34)).
21
What is 64 - (-78 - 32 - -67)?
107
Calculate 136 + -144 + 22 + -69.
-55
Evaluate -47 + (26 - -23) + 75.
77
What is the value of (0 - -4) + 1 - (-376 + 363) - -33?
51
Calculate (1 - -74) + (75 - 108) + 39 + -14.
67
What is the value of 125 - (55 - -91 - -3)?
-24
Evaluate 41 - 0 - (20 - 11 - (-3 - 2)).
27
What is the value of (20 - 7) + -7 + -2 + (-3 - -2) - -9?
12
386 - 482 - (-9 + -17 + 65)
-135
What is the value of -5 + (4 + 3 - (-33 + -19 - -9))?
45
What is (52 - 6 - -5) + -6 - (-4 + (-4 - -1))?
52
Calculate -4 - (-2 + 57 - -1) - (251 - 263) - 6.
-54
What is the value of -24 - (-54 + 135 + -40)?
-65
What is the value of -2 + -51 - (15 + (-5 - 23) + 3)?
-43
Calculate (21 - 1) + -7 + (2 - -8) + -5 + 1.
19
Calculate (145 - 140) + -2 + 0 + (140 - (-7 + 8)).
142
What is -3 - ((24 + 8 + -19 - 3) + -46)?
33
What is 24 + 14 + -5 + -17 - 39 - -20?
-3
Calculate 3 - (-19 - (2 - (2 - 13 - 44))).
79
-6 + 10 + -13 + -44 + 6
-47
-9 + -1 - (55 + 6 + -34 - -46)
-83
Evaluate -240 + (134 + -1 - 3).
-110
What is the value of -5 + (11 - 5) + -66 - (-722 - -713)?
-56
Evaluate (-208 + 140 - -54) + (1 + -2 - 32).
-47
Evaluate 147 + -41 + -90 + (-25 - 0).
-9
Calculate 16 + -1 - (23 - (22 - -27 - 4)).
37
Calculate 31 + (-46 - 26 - -24).
-17
Calculate (118 - (-70 - -75)) + -53.
60
What is (-40 + -15 - -29) + (90 - -12)?
76
Calculate (-24 + 45 + -7 - -14) + -50.
-22
What is 0 - (5 + -5) - (81 + -134)?
53
Calculate 40 + 1 - (1 + -2 + (14 - (12 - -4))).
44
3562 + -3613 + 1 + 26
-24
Evaluate (-3 - ((0 - 4) + 7)) + (45 - 90) - -12.
-39
Calculate -78 - (138 + -219 + -91).
94
What is the value of 91 - (-47 + -25 + 113)?
50
Evaluate 1 + 97 + (-9 - -5) - (44 - 36).
86
What is -14 - 45 - -11 - -21?
-27
What is the value of -9 - ((13 - 20) + 11) - (-7 + -11)?
5
What is (13 + -8 + 62 - (6 - (10 - 6))) + -10?
55
Evaluate -13 - (-21 + -78 + 48).
38
-5 + -61 - (21 - (19 - 29))
-97
What is -178 - -218 - (99 + -8)?
-51
-11 + (-61 - -118) + -71
-25
What is the value of -436 + 438 + (55 